emainder when 61259 is divided by 10.
9
What is the remainder when 4613 is divided by 75?
38
What is the remainder when 6947 is divided by 1151?
41
What is the remainder when 24021 is divided by 125?
21
What is the remainder when 356988 is divided by 93?
54
What is the remainder when 14208 is divided by 133?
110
Calculate the remainder when 683681 is divided by 22054.
7
Calculate the remainder when 15488 is divided by 323.
307
What is the remainder when 295215 is divided by 54?
51
Calculate the remainder when 107578 is divided by 12.
10
Calculate the remainder when 19532 is divided by 198.
128
Calculate the remainder when 8745 is divided by 439.
404
What is the remainder when 2015 is divided by 987?
41
What is the remainder when 969 is divided by 43?
23
What is the remainder when 32298 is divided by 38?
36
Calculate the remainder when 989178 is divided by 527.
526
Calculate the remainder when 75214 is divided by 1106.
6
What is the remainder when 486133 is divided by 25?
8
Calculate the remainder when 4521 is divided by 547.
145
What is the remainder when 464562 is divided by 156?
150
What is the remainder when 101694 is divided by 13?
8
Calculate the remainder when 12417 is divided by 18.
15
Calculate the remainder when 11116 is divided by 11057.
59
Calculate the remainder when 16454 is divided by 783.
11
Calculate the remainder when 25119 is divided by 474.
471
What is the remainder when 249 is divided by 125?
124
Calculate the remainder when 36367 is divided by 36333.
34
What is the remainder when 12176 is divided by 30?
26
What is the remainder when 76227 is divided by 69?
51
What is the remainder when 599819 is divided by 130?
129
What is the remainder when 5944 is divided by 1546?
1306
What is the remainder when 139805 is divided by 46593?
26
Calculate the remainder when 81860 is divided by 4093.
0
What is the remainder when 1009136 is divided by 33?
29
Calculate the remainder when 193728 is divided by 2.
0
What is the remainder when 44435 is divided by 808?
803
What is the remainder when 143917 is divided by 40?
37
Calculate the remainder when 386043 is divided by 35.
28
What is the remainder when 770114 is divided by 57?
44
What is the remainder when 7337 is divided by 1467?
2
What is the remainder when 2958 is divided by 941?
135
Calculate the remainder when 944 is divided by 155.
14
Calculate the remainder when 93023 is divided by 9.
8
What is the remainder when 390723 is divided by 31?
30
Calculate the remainder when 11531 is divided by 79.
76
Calculate the remainder when 214 is divided by 164.
50
Calculate the remainder when 43997 is divided by 50.
47
Calculate the remainder when 4382 is divided by 3.
2
Calculate the remainder when 2947231 is divided by 16.
15
Calculate the remainder when 11341 is divided by 3780.
1
What is the remainder when 19254 is divided by 7?
4
What is the remainder when 11139 is divided by 18?
15
What is the remainder when 95580 is divided by 14?
2
Calculate the remainder when 161560 is divided by 53851.
7
What is the remainder when 16167 is divided by 8056?
55
Calculate the remainder when 75406 is divided by 4.
2
Calculate the remainder when 190 is divided by 44.
14
Calculate the remainder when 5440679 is divided by 889.
888
What is the remainder when 4855 is divided by 4216?
639
Calculate the remainder when 42710 is divided by 303.
290
What is the remainder when 20956 is divided by 655?
651
What is the remainder when 244546 is divided by 40755?
16
What is the remainder when 3183 is divided by 159?
3
What is the remainder when 7866 is divided by 106?
22
Calculate the remainder when 6665 is divided by 48.
41
What is the remainder when 1023 is divided by 339?
6
What is the remainder when 17063 is divided by 1000?
63
What is the remainder when 912 is divided by 889?
23
What is the remainder when 347339 is divided by 15?
14
What is the remainder when 73803 is divided by 785?
13
What is the remainder when 39018 is divided by 31?
20
What is the remainder when 509699 is divided by 1508?
1503
Calculate the remainder when 36338 is divided by 160.
18
Calculate the remainder when 82457 is divided by 19.
16
Calculate the remainder when 1628 is divided by 30.
8
Calculate the remainder when 1829 is divided by 193.
92
What is the remainder when 58942 is divided by 32?
30
What is the remainder when 141974 is divided by 260?
14
Calculate the remainder when 63404 is divided by 261.
242
Calculate the remainder when 67595 is divided by 12.
11
Calculate the remainder when 367262 is divided by 559.
558
What is the remainder when 493082 is divided by 68?
14
What is the remainder when 14817 is divided by 93?
30
What is the remainder when 6794 is divided by 227?
211
What is the remainder when 515633 is divided by 53?
49
Calculate the remainder when 2593 is divided by 5.
3
What is the remainder when 15667 is divided by 1566?
7
Calculate the remainder when 13278 is divided by 359.
354
Calculate the remainder when 338919 is divided by 1513.
7
What is the remainder when 2011 is divided by 1954?
57
Calculate the remainder when 23782 is divided by 17.
16
What is the remainder when 84418 is divided by 442?
438
Calculate the remainder when 172433 is divided by 479.
472
What is the remainder when 375269 is divided by 15?
14
Calculate the remainder when 1966 is divided by 495.
481
What is the remainder when 3769 is divided by 18?
7
What is the remainder when 280459 is divided by 3895?
19
Calculate the remainder when 143946 is divided by 3890.
16
Calculate the remainder when 27180 is divided by 33.
21
What is the remainder when 132221 is divided by 66100?
21
What is the remainder when 52242 is divided by 952?
834
What is the remainder when 6404 is divided by 2063?
215
What is the remainder when 72345 is divided by 1080?
1065
What is the remainder when 4594475 is divided by 55?
50
Calculate the remainder when 6848 is divided by 1709.
12
What is the remainder when 870693 is divided by 1044?
1041
Calculate the remainder when 153210 is divided by 38299.
14
Calculate the remainder when 235987 is divided by 2809.
31
What is the remainder when 296364 is divided by 15?
9
Calculate the remainder when 101665 is divided by 33884.
13
What is the remainder when 141239 is divided by 167?
124
Calculate the remainder when 16144 is divided by 1613.
14
Calculate the remainder when 1448 is divided by 225.
98
What is the remainder when 1229 is divided by 3?
2
Calculate the remainder when 630499 is divided by 48498.
25
Calculate the remainder when 11358 is divided by 71.
69
Calculate the remainder when 6379 is divided by 1512.
331
Calculate the remainder when 293 is divided by 126.
41
What is the remainder when 238288 is divided by 56?
8
Calculate the remainder when 202 is divided by 170.
32
What is the remainder when 12186 is divided by 11?
9
What is the remainder when 1728 is divided by 249?
234
Calculate the remainder when 37219 is divided by 34.
23
Calculate the remainder when 2366 is divided by 37.
35
Calculate the remainder when 1225362 is divided by 244.
238
What is the remainder when 11822 is divided by 74?
56
Calculate the remainder when 8141 is divided by 76.
9
What is the remainder when 15720 is divided by 6675?
2370
Calculate the remainder when 4606 is divided by 673.
568
What is the remainder when 41908 is divided by 145?
3
Calculate the remainder when 31387 is divided by 715.
642
What is the remainder when 34701 is divided by 6905?
176
What is the remainder when 32615 is divided by 10868?
11
What is the remainder when 20018 is divided by 26?
24
What is the remainder when 3991434 is divided by 794?
790
What is the remainder when 175354 is divided by 4175?
4
What is the remainder when 7680 is divided by 739?
290
Calculate the remainder when 79080 is divided by 22.
12
Calculate the remainder when 2139 is divided by 2123.
16
What is the remainder when 27698 is divided by 47?
15
What is the remainder when 3642 is divided by 692?
182
What is the remainder when 52853 is divided by 52539?
314
Calculate the remainder when 173964 is divided by 19328.
12
Calculate the remainder when 355489 is divided by 90.
79
Calculate the remainder when 74236 is divided by 71.
41
Calculate the remainder when 766 is divided by 15.
1
What is the remainder when 19263 is di